234. Give u(-154).
2
Let n(x) = -39*x - 3849. Determine n(-103).
168
Let w(i) = 2*i**3 + 273*i**2 - 2129*i + 94144. What is w(-146)?
-26
Let p(v) = -2*v**3 - 2769*v**2 - 23417*v - 34397. What is p(-1376)?
3
Let k(q) = 42*q**2 - 3412*q + 822. Determine k(81).
12
Let o(y) = 24*y**3 + 1845*y**2 - 220*y + 847. Calculate o(-77).
0
Let k(z) = 44*z**2 - 1131*z - 10596. Give k(33).
-3
Let m(t) = 8*t**2 - 15*t - 237. Give m(-8).
395
Let r(m) = -2997*m + 770204. Calculate r(257).
-25
Let d(v) = 4757*v + 33457. Determine d(-7).
158
Let z(h) = -16980*h + 186009. Determine z(11).
-771
Let y(a) = 18*a**3 + 54*a**2 - 2054*a - 6164. Give y(-3).
-2
Let x(m) = -58*m**2 + 32219*m - 331910. What is x(545)?
-5
Let v(s) = -s**3 - 8*s**2 + 533*s + 1651. What is v(-3)?
7
Let r(q) = 2*q**3 - 14*q**2 - 34*q + 472. Calculate r(10).
732
Let g(o) = o**3 + 172*o**2 - 220*o - 8139. Give g(-173).
-8
Let i(x) = -x**3 + 53*x**2 + 87*x + 5400. Give i(56).
864
Let h(l) = -2*l**3 - 5*l**2 + 564*l + 4908. What is h(-9)?
885
Let n(h) = -269*h + 3562. Calculate n(13).
65
Let i(z) = 86*z**2 - 4536*z - 327. Calculate i(53).
839
Let x(p) = -p**3 + 10*p**2 + 36*p + 110. Calculate x(15).
-475
Let f(v) = 6750*v + 13517. What is f(-2)?
17
Let c(o) = -o**3 + 207*o + 29. Determine c(-15).
299
Let l(v) = 2*v**2 + 1854*v - 232721. What is l(112)?
15
Let a(r) = -805*r - 8051. Determine a(-10).
-1
Let b(x) = -x**3 + 178*x**2 + 2611*x - 100555. What is b(189)?
-7
Let p(r) = -961*r - 9087. Give p(-9).
-438
Let o(y) = 672*y - 8697. What is o(13)?
39
Let s(m) = 3*m**3 - 74*m**2 - 108*m + 96. Calculate s(26).
-8
Let b(z) = 5*z**3 + 95*z**2 - 111*z - 200. Give b(-20).
20
Let q(c) = c**3 + 3*c**2 + 137*c - 150. Determine q(0).
-150
Let h(y) = -31*y**2 + 10986*y - 15086. Give h(353).
93
Let f(k) = -k**2 + 3718*k + 71014. Give f(-19).
11
Let y(c) = -c**2 + 107*c + 2040. Calculate y(-13).
480
Let n(g) = -1467*g**3 + 3*g**2 - 130*g - 132. Calculate n(-1).
1468
Let q(b) = 5040*b + 3242. Determine q(-1).
-1798
Let r(o) = 11206*o + 258355. Give r(-23).
617
Let v(i) = 319430*i - 7027459. Calculate v(22).
1
Let v(u) = 4*u**3 - 109*u**2 + 36*u - 239. Calculate v(27).
4
Let y(k) = -19229*k + 1153729. Determine y(60).
-11
Let k(i) = -i**2 + 427*i - 10302. Calculate k(25).
-252
Let u(n) = 83*n - 26326. What is u(320)?
234
Let u(j) = 2*j**3 + 12*j**2 + 31*j - 41. What is u(-6)?
-227
Let g(s) = s**2 - 37822*s - 4476901. Determine g(-118).
19
Let l(i) = 9*i**3 - 443*i**2 - 154*i + 12369. Determine l(49).
21
Let p(l) = 4*l**3 + l**2 + 340*l - 338. Give p(1).
7
Let g(y) = -y**3 - 36*y**2 + 36*y + 3532. What is g(-34)?
-4
Let h(k) = -k**3 - 60*k**2 + 1406*k - 31. Give h(18).
5
Let z(o) = 7120*o + 86137. Determine z(-12).
697
Let t(y) = y**3 - 792*y**2 - 35030*y + 1653. Determine t(834).
-15
Let z(m) = 1518*m + 32007. What is z(-21)?
129
Let r(l) = -l**3 + 36*l**2 - 52*l + 103. Determine r(34).
647
Let z(r) = r**3 - 18*r**2 - 1241*r + 1177. Calculate z(45).
7
Let x(g) = 1899*g - 1446. Give x(3).
4251
Let j(y) = -33*y**2 + 877*y - 4683. What is j(8)?
221
Let h(j) = -181*j + 45783. What is h(255)?
-372
Let b(n) = -4*n**2 + 14179*n + 42551. Determine b(-3).
-22
Let x(y) = 3*y**3 + 101*y**2 + 677*y + 20158. Calculate x(-33).
-5
Let c(s) = 335*s**2 + 61644*s - 19. Give c(-184).
-755
Let x(m) = m**2 + 420*m + 34646. Give x(-113).
-45
Let l(v) = -v**2 + 1351*v + 19115. What is l(-14)?
5
Let r(h) = -545*h + 77916. Determine r(143).
-19
Let d(g) = -5*g**2 - 218*g - 5647. Give d(-32).
-3791
Let r(m) = 5416*m - 23556. Calculate r(4).
-1892
Let g(v) = -3343*v + 949404. Calculate g(284).
-8
Let b(o) = o**2 - 846*o - 493517. Give b(-397).
-46
Let h(m) = 2*m**2 - 538*m + 33786. Give h(100).
-14
Let y(i) = 2*i**2 + 150*i - 4084. Give y(-100).
916
Let d(y) = -3632*y - 686415. Determine d(-189).
33
Let f(l) = -4*l**3 - 2232*l**2 - 117*l - 65242. Give f(-558).
44
Let r(x) = -x**3 - 55*x**2 + 13*x + 824. Give r(-55).
109
Let v(q) = q**3 + 293*q**2 + 2460*q + 546490. Calculate v(-291).
-8
Let y(o) = 2*o**2 + 270*o - 29807. What is y(-207)?
1
Let y(v) = -667*v - 2021. Give y(-3).
-20
Let r(z) = -z**3 + 23*z**2 + 106*z - 2086. Give r(24).
-118
Let m(v) = 4*v**3 - 2*v**2 + 16*v + 46. Give m(-4).
-306
Let h(y) = 1472*y - 45139. Calculate h(31).
493
Let t(o) = o**3 - 147*o**2 - 440*o + 198. What is t(150)?
1698
Let j(m) = -59*m**2 + 6536*m - 32741. Calculate j(5).
-1536
Let d(m) = -7*m**2 + 12349*m + 61731. Calculate d(-5).
-189
Let c(v) = 4*v**2 - 88*v - 13470. Calculate c(-51).
1422
Let i(a) = 163562*a - 2453432. Determine i(15).
-2
Let b(n) = 349*n**2 - 83774*n + 3361. Calculate b(240).
1
Let x(j) = 1340*j - 6502. What is x(5)?
198
Let v(h) = 78*h**2 - 370*h - 43. Determine v(5).
57
Let n(w) = -2*w**3 + 14*w**2 - 29*w + 185. Determine n(0).
185
Let u(v) = -2*v**3 + 46*v**2 - 5*v - 319. Give u(22).
539
Let s(z) = -z**2 + 10215*z + 51099. What is s(-5)?
-1
Let z(q) = q**3 + 5*q**2 + 16*q - 20. Give z(-9).
-488
Let t(i) = -19*i**2 - 1081*i - 1175. Give t(-58).
-2393
Let g(i) = 39064*i - 5390840. What is g(138)?
-8
Let t(r) = -2*r**2 + 132*r + 899. What is t(29)?
3045
Let i(g) = -9547*g - 515537. Give i(-54).
1
Let u(t) = -t**3 - 8*t**2 + 141*t + 927. Determine u(-7).
-109
Let n(a) = -a**2 + 22*a - 22. Determine n(23).
-45
Let o(b) = 2*b**2 - 260*b + 4491. Determine o(20).
91
Let n(d) = 9*d**3 + 681*d**2 + 1363*d - 4. Give n(-2).
-78
Let i(x) = -x**3 - 24*x**2 + 489*x + 590. What is i(14)?
-12
Let y(x) = 9*x**2 - 3564*x + 14116. Calculate y(4).
4
Let l(u) = 3*u**2 + 43*u - 345. Determine l(10).
385
Let j(g) = 110109*g + 660932. What is j(-6)?
278
Let b(n) = n**2 + 43*n - 140539. What is b(354)?
-1
Let p(n) = 443*n - 39456. Calculate p(89).
-29
Let g(z) = -z**3 - 5*z**2 + 463*z - 123. Calculate g(19).
10
Let r(b) = 272138*b - 4082039. Give r(15).
31
Let v(f) = 424*f - 60385. Calculate v(142).
-177
Let d(f) = 23*f**2 - 94*f + 147. Determine d(8).
867
Let g(i) = -5*i**2 - 263*i - 1686. What is g(-39)?
966
Let a(d) = d**3 - 49*d**2 - 365*d - 5177. Give a(57).
10
Let k(u) = 66*u**3 - 16*u**2 - 48*u + 49. Determine k(-3).
-1733
Let o(z) = -43*z**2 + 467*z - 157. Determine o(11).
-223
Let s(p) = -p**3 - 24*p**2 + 127*p + 1033. What is s(8)?
1
Let u(f) = -5*f**3 + 88*f**2 - 43*f - 4. Determine u(15).
2276
Let s(w) = -61*w - 6013. Determine s(-70).
-1743
Let t(i) = -5*i**2 - 2796*i + 216738. What is t(69)?
9
Let m(w) = -w**3 + 603*w**2 - 28150*w - 85. Calculate m(51).
17
Let s(d) = -d**2 + 20925*d - 1376686. What is s(66)?
8
Let q(o) = 31*o**2 + 141*o + 121. Give q(-1).
11
Let l(t) = -t**3 + 742*t**2 + 18381*t + 11. What is l(-24)?
83
Let d(z) = -11*z**3 - 345*z**2 - 2233*z - 162. Calculate d(-9).
9
Let s(x) = 579*x + 434830. Determine s(-751).
1
Let m(h) = -63*h - 3249. Calculate m(-46).
-351
Let t(p) = -2129*p + 114821. What is t(54)?
-145
Let x(l) = -4385*l - 385673. Calculate x(-88).
207
Let q(j) = 5*j**3 - 15*j**2 - 94*j + 286. Give q(5).
66
Let i(k) = 167*k**2 + 207*k - 17. Calculate i(-4).
1827
Let s(c) = -2*c**3 - 92*c**2 + 882*c + 1001. Give s(-54).
29
Let j(l) = -37475*l + 299689. Determine j(8).
-111
Let j(a) = -13*a**3 - 7*a**2 + 1745*a + 3414. Give j(-2).
0
Let o(r) = -2*r**2 - 53*r - 3. What is o(2)?
-117
Let b(n) = 208*n + 5243. Determine b(-24).
251
Let d(q) = 121*q - 724. What is d(-2)?
-966
Let d(u) = u**3 + 12*u**2 - 460*u - 3298. Give d(-7).
167
Let s(y) = -y**3 + 21*y**2 + 115*y - 2065. Give s(22).
-19
Let a(w) = 8*w**3 + 113*w**2 + 449*w - 13. Determine a(-4).
-513
Let k(m) = -17*m**3 + 2692*m**2 - 3606*m - 795. What is k(157)?
-10
Let n(v) = -v**3 + 185*v**2 - 6388*v - 862. Calculate n(139).
-28
Let j(y) = 2*y**2 - 190*y - 27953. Determine j(175).
47
Let u(v) = -v**3 + 96*v**2 + 32*v - 3495. Give u(96).
-423
Let c(a) = 3*a**2 + 120*a + 1317. Calculate c(-29).
360
Let n(o) = 103*o**2 + 1227*o + 3653. Calculate n(-6).
-1
Let o(m) = 2184*m + 355996. Determine o(-163).
4
Let f(i) = -4*i**3 + 244*i**2 + 324*i - 33840. Give f(60).
0
Let q(y) = -39021*y - 195166. What is q(-5)?
-61
Let n(r) = -1748*r - 73. What is n(-1)?
1675
Let w(d) = 10173*d - 16612505. Calculate w(1633).
4
Let q(g) = -4055*g - 8113. Determine q(-2).
-3
Let d(a) = -35*a - 1505. Give d(-36).
-245
Let w(d) = 6301*d + 44891. Determine w(-7).
784
Let f(t) = -331*t + 3216